{"id":765,"date":"2010-12-16T11:58:21","date_gmt":"2010-12-16T11:58:21","guid":{"rendered":"http:\/\/www.leaviita.com\/"},"modified":"2018-07-22T11:45:44","modified_gmt":"2018-07-22T11:45:44","slug":"lapin-kansa-kulttuuri-9-12-2010","status":"publish","type":"page","link":"https:\/\/www.leaviita.com\/?page_id=765","title":{"rendered":"Lapin Kansa ja Pohjolan Sanomat: 07.07.2016, 07.06.2016, 05.01.2015, 04.05.2013, 23.04.2014"},"content":{"rendered":"<p style=\"text-align: center;\"><a href=\"http:\/\/www.leaviita.com\/?attachment_id=5284\"><img loading=\"lazy\" decoding=\"async\" class=\"aligncenter wp-image-5341 size-medium\" src=\"http:\/\/www.leaviita.com\/wp-content\/uploads\/2016\/08\/Vanhan-mets\u00e4n-uude-kujeet-L-K-KULTTUURI-7.7.16-Richard-Kautto-300x298.jpg\" alt=\"Vanhan mets\u00e4n uude kujeet (L-K, KULTTUURI 7.7.16, Richard Kautto)\" width=\"300\" height=\"298\" srcset=\"https:\/\/www.leaviita.com\/wp-content\/uploads\/2016\/08\/Vanhan-mets\u00e4n-uude-kujeet-L-K-KULTTUURI-7.7.16-Richard-Kautto-300x298.jpg 300w, https:\/\/www.leaviita.com\/wp-content\/uploads\/2016\/08\/Vanhan-mets\u00e4n-uude-kujeet-L-K-KULTTUURI-7.7.16-Richard-Kautto-150x150.jpg 150w, https:\/\/www.leaviita.com\/wp-content\/uploads\/2016\/08\/Vanhan-mets\u00e4n-uude-kujeet-L-K-KULTTUURI-7.7.16-Richard-Kautto.jpg 961w\" sizes=\"auto, (max-width: 300px) 100vw, 300px\" \/><\/a><\/p>\n<p style=\"text-align: center;\"><a href=\"http:\/\/www.leaviita.com\/wp-content\/uploads\/2010\/12\/Lea-Lapin-Kes\u00e4-2016.jpg\"><img loading=\"lazy\" decoding=\"async\" class=\"size-medium wp-image-5106 aligncenter\" src=\"http:\/\/www.leaviita.com\/wp-content\/uploads\/2010\/12\/Lea-Lapin-Kes\u00e4-2016-207x300.jpg\" alt=\"Lea Lapin Kes\u00e4 2016\" width=\"207\" height=\"300\" srcset=\"https:\/\/www.leaviita.com\/wp-content\/uploads\/2010\/12\/Lea-Lapin-Kes\u00e4-2016-207x300.jpg 207w, https:\/\/www.leaviita.com\/wp-content\/uploads\/2010\/12\/Lea-Lapin-Kes\u00e4-2016.jpg 664w\" sizes=\"auto, (max-width: 207px) 100vw, 207px\" \/><\/a><\/p>\n<p style=\"text-align: center;\"><a href=\"http:\/\/www.leaviita.com\/wp-content\/uploads\/2015\/01\/L-K5.1.2015Kritiikki-746x1024.jpg\"><img loading=\"lazy\" decoding=\"async\" class=\" aligncenter\" title=\"Roiskeita, r\u00e4nt\u00e4\u00e4 ja valoa Galleria Kellokas\" src=\"http:\/\/www.leaviita.com\/wp-content\/uploads\/2015\/01\/L-K5.1.2015Kritiikki-746x1024.jpg\" alt=\"\" width=\"353\" height=\"485\" \/><\/a><\/p>\n<p style=\"text-align: center;\"><a href=\"http:\/\/www.leaviita.com\/wp-content\/uploads\/2013\/05\/ValumiaJaSattumiaLapinKansa4.5.2013.jpg\"><img loading=\"lazy\" decoding=\"async\" class=\"wp-image-3709 aligncenter\" title=\"Valumia ja sattumia Galleria v\u00e4rin\u00e4ss\u00e4\" src=\"http:\/\/www.leaviita.com\/wp-content\/uploads\/2013\/05\/ValumiaJaSattumiaLapinKansa4.5.2013-300x88.jpg\" alt=\"Valumia ja sattumia\" width=\"331\" height=\"97\" srcset=\"https:\/\/www.leaviita.com\/wp-content\/uploads\/2013\/05\/ValumiaJaSattumiaLapinKansa4.5.2013-300x88.jpg 300w, https:\/\/www.leaviita.com\/wp-content\/uploads\/2013\/05\/ValumiaJaSattumiaLapinKansa4.5.2013-1024x300.jpg 1024w, https:\/\/www.leaviita.com\/wp-content\/uploads\/2013\/05\/ValumiaJaSattumiaLapinKansa4.5.2013.jpg 1208w\" sizes=\"auto, (max-width: 331px) 100vw, 331px\" \/><\/a><\/p>\n<p style=\"text-align: center;\"><a href=\"http:\/\/www.leaviita.com\/wp-content\/uploads\/2014\/04\/L-K-23.4.2014.jpg\"><img loading=\"lazy\" decoding=\"async\" class=\" aligncenter\" title=\"Luonto viitoittaa Viidan teoksia\" src=\"http:\/\/www.leaviita.com\/wp-content\/uploads\/2014\/04\/L-K-23.4.2014-132x300.jpg\" alt=\"L-K 23.4.2014\" width=\"132\" height=\"300\" \/><\/a><\/p>\n","protected":false},"excerpt":{"rendered":"","protected":false},"author":2,"featured_media":0,"parent":763,"menu_order":7,"comment_status":"closed","ping_status":"open","template":"","meta":{"ngg_post_thumbnail":0,"footnotes":""},"class_list":["post-765","page","type-page","status-publish","hentry"],"_links":{"self":[{"href":"https:\/\/www.leaviita.com\/index.php?rest_route=\/wp\/v2\/pages\/765","targetHints":{"allow":["GET"]}}],"collection":[{"href":"https:\/\/www.leaviita.com\/index.php?rest_route=\/wp\/v2\/pages"}],"about":[{"href":"https:\/\/www.leaviita.com\/index.php?rest_route=\/wp\/v2\/types\/page"}],"author":[{"embeddable":true,"href":"https:\/\/www.leaviita.com\/index.php?rest_route=\/wp\/v2\/users\/2"}],"replies":[{"embeddable":true,"href":"https:\/\/www.leaviita.com\/index.php?rest_route=%2Fwp%2Fv2%2Fcomments&post=765"}],"version-history":[{"count":79,"href":"https:\/\/www.leaviita.com\/index.php?rest_route=\/wp\/v2\/pages\/765\/revisions"}],"predecessor-version":[{"id":7474,"href":"https:\/\/www.leaviita.com\/index.php?rest_route=\/wp\/v2\/pages\/765\/revisions\/7474"}],"up":[{"embeddable":true,"href":"https:\/\/www.leaviita.com\/index.php?rest_route=\/wp\/v2\/pages\/763"}],"wp:attachment":[{"href":"https:\/\/www.leaviita.com\/index.php?rest_route=%2Fwp%2Fv2%2Fmedia&parent=765"}],"curies":[{"name":"wp","href":"https:\/\/api.w.org\/{rel}","templated":true}]}}